3304 and 56.
56
What is the greatest common factor of 2765 and 14?
7
What is the greatest common divisor of 2264 and 16?
8
What is the highest common divisor of 196 and 5978?
98
What is the greatest common divisor of 747 and 332?
83
Calculate the highest common factor of 8 and 28.
4
Calculate the highest common divisor of 240 and 12.
12
What is the highest common divisor of 182 and 26?
26
Calculate the highest common factor of 20 and 510.
10
Calculate the highest common divisor of 160 and 5.
5
Calculate the greatest common factor of 10637 and 11.
11
What is the greatest common factor of 364 and 56?
28
What is the highest common factor of 592 and 48?
16
What is the highest common divisor of 657 and 584?
73
Calculate the highest common factor of 14172 and 12.
12
What is the highest common factor of 237 and 3?
3
What is the highest common factor of 6 and 186?
6
What is the highest common divisor of 441 and 63?
63
What is the greatest common divisor of 663 and 13?
13
What is the greatest common divisor of 173 and 32697?
173
What is the greatest common factor of 45 and 7479?
9
Calculate the highest common divisor of 85 and 5.
5
What is the highest common factor of 165 and 66?
33
What is the greatest common factor of 100 and 1150?
50
Calculate the highest common factor of 447 and 4768.
149
Calculate the greatest common factor of 27 and 41.
1
Calculate the greatest common divisor of 142 and 44020.
142
Calculate the highest common factor of 10766 and 28.
14
Calculate the greatest common divisor of 352 and 572.
44
What is the highest common divisor of 16697 and 59?
59
Calculate the greatest common factor of 6 and 93.
3
What is the highest common divisor of 210 and 1590?
30
Calculate the highest common divisor of 1152 and 234.
18
Calculate the highest common factor of 17 and 6749.
17
What is the highest common divisor of 867 and 255?
51
Calculate the highest common factor of 460 and 360.
20
What is the greatest common divisor of 15 and 1775?
5
Calculate the highest common factor of 6 and 246.
6
Calculate the highest common divisor of 19203 and 111.
111
What is the greatest common divisor of 20 and 36?
4
What is the highest common divisor of 36 and 684?
36
What is the highest common factor of 406 and 1792?
14
Calculate the highest common factor of 1413 and 144.
9
What is the greatest common factor of 10 and 470?
10
Calculate the highest common factor of 78 and 806.
26
Calculate the highest common divisor of 4677 and 6.
3
Calculate the highest common divisor of 840 and 300.
60
Calculate the highest common divisor of 26 and 377.
13
What is the highest common divisor of 78829 and 17?
17
Calculate the greatest common factor of 24 and 6504.
24
Calculate the greatest common divisor of 22682 and 11.
11
Calculate the highest common divisor of 2919 and 21.
21
What is the greatest common factor of 4 and 11?
1
What is the highest common divisor of 70 and 455?
35
Calculate the highest common divisor of 13725 and 375.
75
What is the greatest common divisor of 71 and 923?
71
Calculate the greatest common divisor of 24 and 366.
6
What is the greatest common factor of 441 and 63?
63
Calculate the highest common divisor of 38 and 62.
2
What is the highest common divisor of 222 and 6?
6
Calculate the highest common factor of 25 and 116.
1
What is the greatest common divisor of 40 and 30?
10
Calculate the greatest common divisor of 23688 and 42.
42
What is the greatest common divisor of 16 and 1264?
16
Calculate the highest common factor of 25 and 115.
5
What is the greatest common divisor of 17 and 51?
17
Calculate the greatest common factor of 646 and 76.
38
Calculate the greatest common divisor of 11 and 1683.
11
What is the highest common divisor of 4046 and 136?
34
What is the highest common factor of 78 and 24?
6
Calculate the highest common factor of 70 and 1162.
14
What is the greatest common factor of 3519 and 138?
69
Calculate the greatest common factor of 1953 and 3627.
279
Calculate the greatest common divisor of 125 and 275.
25
Calculate the greatest common factor of 116 and 3886.
58
What is the greatest common factor of 2266 and 3708?
206
Calculate the greatest common factor of 18 and 66.
6
Calculate the highest common divisor of 539 and 77.
77
Calculate the greatest common divisor of 938 and 42.
14
What is the highest common divisor of 1650 and 220?
110
What is the greatest common factor of 650 and 26?
26
What is the greatest common divisor of 125 and 275?
25
What is the highest common factor of 14 and 119?
7
What is the highest common divisor of 4 and 188?
4
What is the greatest common divisor of 1711 and 118?
59
What is the highest common factor of 255 and 102?
51
Calculate the greatest common divisor of 14 and 91.
7
Calculate the greatest common factor of 60 and 930.
30
Calculate the greatest common factor of 438 and 6.
6
What is the highest common divisor of 255 and 105?
15
What is the greatest common divisor of 24 and 726?
6
Calculate the highest common divisor of 2535 and 195.
195
What is the highest common divisor of 46 and 20861?
23
Calculate the highest common factor of 7629 and 6.
3
What is the highest common factor of 78 and 102?
6
What is the highest common factor of 108 and 24?
12
What is the greatest common factor of 78 and 806?
26
Calculate the highest common divisor of 14 and 763.
7
What is the greatest common factor of 700 and 14?
14
Calculate the highest common factor of 24 and 105.
3
Calculate the highest common factor of 162 and 12.
6
Calculate the highest common divisor of 55 and 88.
11
What is the greatest common factor of 322 and 42?
14
Calculate the greatest common factor of 136 and 24.
8
Calculate the greatest common divisor of 187 and 99.
11
What is the greatest common factor of 24 and 36?
12
Calculate the greatest common divisor of 44 and 550.
22
What is the highest common divisor of 10 and 10190?
10
Calculate the highest common divisor of 180 and 320.
20
Calculate the greatest common divisor of 272 and 51.
17
Calculate the greatest common factor of 412 and 4223.
103
Calculate the highest common divisor of 408 and 1666.
34
What is the greatest common divisor of 15081 and 22?
11
What is the greatest common divisor of 4 and 16?
4
Calculate the highest common factor of 118 and 236.
118
What is the highest common divisor of 412 and 4?
4
Calculate the highest common divisor of 1071 and 252.
63
Calculate the greatest common divisor of 506 and 2662.
22
Calculate the highest common factor of 19 and 28253.
19
Calculate the highest common factor of 9 and 4.
1
Calculate the highest common factor of 298 and 22797.
149
What is the highest common divisor of 12 and 15?
3
What is the greatest common factor of 1365 and 15?
15
What is the highest common factor of 46 and 22701?
23
What is the greatest common factor of 52 and 806?
26
What is the highest common factor of 63 and 117?
9
What is the highest common divisor of 4 and 166?
2
Calculate the highest common factor of 1535 and 5.
5
Calculate the highest common divisor of 22 and 11330.
22
Calculate the highest common factor of 1173 and 153.
51
What is the greatest common divisor of 186 and 12?
6
Calculate the greatest common divisor of 42 and 30.
6
What is the highest common divisor of 96 and 1212?
12
What is the greatest common divisor of 1281 and 189?
21
What is the greatest common divisor of 84 and 192?
12
Calculate the greatest common divisor of 21454 and 34.
34
Calculate the greatest common factor of 518 and 1162.
14
Calculate the highest common divisor of 2432 and 19.
19
Calculate the highest common divisor of 10 and 30.
10
Calculate the greatest common divisor of 156 and 3666.
78
Calculate the greatest common factor of 15381 and 18.
9
Calculate the greatest common factor of 245 and 637.
49
What is the highest common divisor of 259 and 37?
37
What is the highest common factor of 15353 and 26?
13
Calculate the greatest common divisor of 310 and 2945.
155
What is the highest common factor of 812 and 280?
28
What is the greatest common divisor of 156 and 546?
78
What is the highest common factor of 6422 and 4199?
247
What is the highest common factor of 576 and 2048?
64
What is the greatest common factor of 60 and 390?
30
What is the highest common factor of 25 and 10825?
25
Calculate the g